 2*h + c - 14, -5*h - 5*c = -55. Calculate j(h).
-11
Let a be 96/(-54) - -2 - 58/18. Let k(b) = -b**3 - 3*b**2 - b - 1. Determine k(a).
2
Let z(j) be the first derivative of j**5/120 - j**4/24 - 4*j**3/3 + 3. Let i(a) be the third derivative of z(a). Determine i(4).
3
Let w(u) = -u**3 - 6*u**2 + 7*u - 9. Suppose 0 = -4*f + 7*f + 21. Give w(f).
-9
Let c(v) = v**2 - 3*v - 3. Let i(w) = -w**2 + 3*w + 4. Let h(r) = -3*c(r) - 4*i(r). Calculate h(5).
3
Suppose -5*m + 2*m + 6 = 4*p, 0 = 3*p - 2*m + 4. Suppose p = -i - 2, -2*i = 3*c + 2*c - 11. Let r(d) = -d**2 + 2*d + 5 - d**3 - 3 - c. Calculate r(-2).
-1
Let a(d) be the second derivative of -d**5/20 + 5*d**4/12 - d**3/3 - 5*d**2/2 - 22*d. What is a(4)?
3
Let i(p) = p**2 - 7*p - 12. Let t be i(9). Let a = t + -3. Let m(f) be the second derivative of -f**4/12 + f**3/3 - f**2/2 - f. Determine m(a).
-4
Let m(a) = a - 4. Let k = -37 + 24. Let f = 1 + k. Let i be f/10*15/(-6). Give m(i).
-1
Let i(r) = -r**3 - r**2 + r + 10. Let f be i(0). Suppose -2*u + f = 0, l - 5*u + 3*u = -9. Let x(a) = -7*a + 1. Give x(l).
-6
Let q(i) = i**2 - i - 6. Let h(t) = 6*t**2 - t - 30. Let f(s) = -h(s) + 5*q(s). Let z(b) = b**3 + 3*b**2 - 2*b + 3. Let v be z(-4). Determine f(v).
-5
Let s(u) = u. Let p be (-15)/10 + 83/2. Suppose -5*t = -7*y + 2*y - 50, -3*t = -5*y - p. Calculate s(y).
-5
Let o(h) = -h**3 + h**2 + h + 1. Suppose 18*c - 2 = 17*c. Calculate o(c).
-1
Let c(j) = 8*j + 17. Let x(g) = 3*g + 6. Let v(q) = -4*c(q) + 11*x(q). Let i(n) = n**3 + n**2 + n. Let l be i(0). Let s = l - 0. Determine v(s).
-2
Let r(t) be the third derivative of -t**4/12 - t**3/6 + 10*t**2. Suppose l + 1 = 2. Determine r(l).
-3
Let u(b) = -b**3 - 2*b**2 + 2. Let f be u(-2). Let d(v) = -2 + 3*v**2 + v + 2*v**f - 2*v**2 - 2*v**2. What is d(2)?
4
Let k(x) = x. Let j be k(2). Let r(z) = -3 + 4*z + 1 + 1 - z**j - z. Determine r(4).
-5
Let n(f) be the first derivative of -f**5/120 - f**4/4 + f**3/3 + 1. Let k(d) be the third derivative of n(d). Let o = -18 - -14. Determine k(o).
-2
Let r(b) be the second derivative of b**5/120 + b**4/6 + b**3/3 + 2*b. Let n(t) be the second derivative of r(t). Calculate n(-3).
1
Let l(i) be the third derivative of -i**5/60 + 7*i**4/24 - 2*i**3/3 - i**2. Suppose 0 = h - 3*d + 6 - 0, 5*d - 18 = -h. Calculate l(h).
8
Let l(i) be the second derivative of 0 - 1/6*i**3 - 3*i - 7/2*i**2. Let k be (1 - 3/3)*1. What is l(k)?
-7
Let o(y) = -4 - 112*y + 110*y + 4 - y**2. What is o(-4)?
-8
Let j(f) = -f**2 - 10*f + 17. Let z = 194 - 206. What is j(z)?
-7
Suppose -3*l - i = -7, -i + 5 = -3*l + i. Suppose 2*f - 3 = 1. Let q(y) = -f + l + 2*y + y. Calculate q(-2).
-7
Let q(f) = 10 - 2*f + 0*f - 8. Give q(6).
-10
Let p = -6 - -6. Suppose 3*t + p + 6 = 0. Let z(n) = n - 1. Let i be z(t). Let r(f) = -f**3 - 5*f**2 - 3*f + 1. Calculate r(i).
-8
Let n(g) = -g + 4. Suppose -3*j - 6 = -3*b - 18, 8 = 4*b. Let r be n(j). Let f be (-3)/r*(-40)/(-15). Let l(w) = -w**3 + 3*w**2 + 2*w. Calculate l(f).
-8
Let h(l) be the first derivative of 1/2*l**2 - 8*l - 8. Calculate h(0).
-8
Let f(h) be the second derivative of h**4/12 + 7*h**3/6 + 3*h**2 - 3*h. Determine f(-4).
-6
Let v(c) = -2 - 4*c + 4 - 24*c**2 + 39*c**2 + c**3 - 18*c**2. Calculate v(4).
2
Let c be (1 - 2)*(-21)/(-7). Let z(n) = -n**2 + n + 1. Let s(t) = -2*t**2 + 6*t + 7. Let q(x) = s(x) - 3*z(x). What is q(c)?
4
Suppose -2*j + 7*j = 2*i + 6, 3*j - 3 = i. Let k(u) = 2*u + u + u**3 - 2*u + 3*u**2 + j*u. Let x be 64/(-28) - (-4)/14. Calculate k(x).
2
Let b(g) = g**3 + 5*g - 8 - 4*g + 0*g - g**2. Determine b(0).
-8
Let d(q) = q**2 + 7*q + 4. Let i be d(-7). Let n(r) = r**2 + r. Let c(j) = 6*j**2 - j + 1. Let g(k) = c(k) - 5*n(k). What is g(i)?
-7
Suppose 2*i - 7*y + 3*y = 14, -y = 5*i + 20. Let b = i + 7. Let k(a) = a**3 - 3*a**2 - 5*a - 2. Calculate k(b).
-6
Suppose -3*z + 0*z + 6 = 0, -q - 11 = -5*z. Let r(y) = 5*y**2 + 3*y - 3*y. What is r(q)?
5
Let y(o) = o**3 + o - 1. Let w(r) = 2*r**3 - 4*r**2 + 8*r - 7. Let q(u) = -w(u) + 3*y(u). Calculate q(-5).
4
Let g(f) be the third derivative of -f**6/120 + f**5/12 - f**4/8 + 7*f**3/6 - f**2. Determine g(5).
-8
Let s(b) be the third derivative of -b**4/24 - 5*b**3/6 - 2*b**2. Suppose -4*x = 27 - 7. What is s(x)?
0
Let n(u) = -15*u**2 + 2*u - 7. Let k(y) = -7*y**2 + y - 3. Let t(a) = -13*k(a) + 6*n(a). Suppose -c = -5*c - 8. Let w = 5 + c. What is t(w)?
3
Suppose -8 = -2*l - 2. Let x(y) = -y - 3*y + y**3 + l*y + 7. Calculate x(0).
7
Let b be (-68)/(-20) - 2/5. Suppose 14 - 2 = b*a. Let i(w) = 4*w**2 + 5. Let n(m) = 9*m**2 + m + 11. Let j(t) = -7*i(t) + 3*n(t). What is j(a)?
-6
Let u(t) = t**2 - t - 2. Let m be u(-2). Let l(d) = 5*d + 17 - 11 - 3*d - 5*d. What is l(m)?
-6
Let f(x) = 6*x**3 + 5*x**2 + 4*x. Let i be f(-1). Let b(g) = -g - 6. Calculate b(i).
-1
Let b = 1 - -2. Let a(v) = 9*v - 1. Let y(k) = 2 - k - 6*k - 6*k + 0*k. Let g(l) = 7*a(l) + 5*y(l). Determine g(b).
-3
Let y(o) = -2*o**2 - 3*o + 6*o**2 + 4*o - 9*o**2. What is y(-1)?
-6
Let f be (-6)/12 + 1/(4/(-14)). Let d(y) = -y**2 - 3*y - 1. Calculate d(f).
-5
Let y be 24/18 - 2/(-3). Let l(r) = 21*r**2 - 36*r + 15. Let o(n) = -4*n**2 + 7*n - 3. Let s(t) = y*l(t) + 11*o(t). Calculate s(3).
-6
Suppose 23 = r - 5*v, 0*r - 2*v - 12 = r. Let w be (2 - 0)*(-4 + r). Let m be 1*3/w*-4. Let k(f) = 5*f**3 - 2*f**2 + 2*f - 1. What is k(m)?
4
Let y(z) be the second derivative of 5*z**3/6 - 3*z**2/2 + z. Let s(w) = 2*w + 28. Let b be s(-13). Calculate y(b).
7
Let p(c) = -c + 6. Let d be p(-6). Suppose -7 = -5*i - 2*y, d = -6*y + 3*y. Let j(f) = -f**3 - 3 + 1 + 5 - f + 0 + 3*f**2. Determine j(i).
0
Let z(d) = -9 - 2*d - 12 + 19. Determine z(-5).
8
Let g(w) = 3*w. Let q(f) = -12*f - 1. Let d(o) = -9*g(o) - 2*q(o). Suppose s + 2*s = 24. Let c(t) = 5*t - 3. Let p(y) = s*d(y) + 5*c(y). Give p(5).
6
Let p be (-20)/(-4)*6/10. Let t(b) be the second derivative of b**6/720 + b**5/60 - 5*b**4/12 + 6*b. Let v(m) be the third derivative of t(m). What is v(p)?
5
Let o(z) = -z**2 - 3*z - 1. Let t(p) be the second derivative of p**5/20 + p**4/6 + p**3/2 + p**2/2 + 3*p. Let d be t(-2). What is o(d)?
-11
Let s(q) = 2*q**3 - 2*q - 1. Let m be (-3)/((-5)/(40/12)). Suppose 3*d - d + 2*f = -6, 0 = -4*d + m*f. Determine s(d).
-1
Let o(y) = 4*y - 2 + 4 - 6 + 5. Let l(h) = -2*h**2 + h + 1. Suppose k = -3*f - 4, -3*k - f - 6 = 2*f. Let c be l(k). Give o(c).
-7
Let j(x) be the second derivative of -1/20*x**5 - 2*x - 3/2*x**2 + 0 - 1/2*x**4 - 2/3*x**3. Let u(h) = -h**3 + 7*h**2 - 6*h - 5. Let c be u(6). What is j(c)?
-8
Suppose -5*n = -n + 12. Let l(k) = 5*k**3 - k**2 + 3*k. Let r(c) = -2*c**3 - c. Let h(w) = -3*l(w) - 8*r(w). Determine h(n).
3
Let m(w) be the second derivative of w**5/20 - w**4/2 + w**3 - w**2 - 9*w. Determine m(5).
3
Let u(k) = 6*k**3 - 24*k**2 + 11*k - 5. Let f(i) = -i**3 + 5*i**2 - 2*i + 1. Let s(t) = 11*f(t) + 2*u(t). Give s(-7).
1
Let f(o) be the first derivative of o**2/2 - 5*o - 2. Let x be f(7). Suppose -a - 14 = 7*b - 3*b, -3*a - 14 = -x*b. Let j(s) = s + 7. Determine j(a).
1
Suppose 7*f + 9 = 4*f. Let x(y) = -y**2 - 3*y + 3. Let l be x(f). Let g(v) = -3*v**2 + 3*v + 4. Determine g(l).
-14
Suppose 16 = 8*a - 4*a. Let m(x) = -7*x - a + 2*x**2 + 0*x**2 - x**2 - 2. Calculate m(7).
-6
Let r(x) = -17*x**2 - 8*x - 8. Let a(m) = 6*m**2 + 3*m + 3. Let z(y) = 11*a(y) + 4*r(y). Let s(b) be the first derivative of z(b). Determine s(-2).
9
Let b(g) = -2*g + 1 + 0*g - 2 - 1. Let h be ((-44)/10)/((-1)/(-5)). Let a be 1/(-4) - h/(-8). What is b(a)?
4
Let a(q) be the second derivative of -q**5/20 - q**4/2 - 5*q**3/6 - 3*q**2 - 6*q. Let i(p) = -3*p + 4. Let n be i(3). Give a(n).
-6
Let n(r) be the second derivative of -1/12*r**4 + 5/2*r**2 + 4*r - 1/6*r**3 + 0. Calculate n(-4).
-7
Let s(w) = -w**2 - 3*w + 11. Let f(u) = -1. Let b(n) = -5*f(n) - s(n). Calculate b(-5).
4
Let x(z) = -3*z + 4 + 2*z - 3. Let q(d) = 7*d - 5. Let w(u) = q(u) + 6*x(u). Give w(0).
1
Let m(f) = -f**2 + 5*f - 6. Suppose 0 = 10*v - v - 36. What is m(v)?
-2
Let i(z) be the second derivative of z**3/2 + 5*z**2/2 - 3*z. What is i(-6)?
-13
Let n(o) = o**3 - o**2 - o - 1. Let y be n(0). Let h(b) = -2*b**3 - b - 1. What is h(y)?
2
Suppose v + 2*i - 12 = 0, 4*i = 22 - 6. Let w(g) = -7*g**2 + 7 + g**3 + 0 - 4 + v*g. Give w(6).
-9
Let r(s) = -3*s 